the highest common factor of 3180 and 60.
60
What is the greatest common divisor of 162 and 48?
6
Calculate the greatest common factor of 32 and 1840.
16
Calculate the greatest common factor of 770 and 5280.
110
Calculate the greatest common divisor of 92 and 115.
23
Calculate the greatest common divisor of 776 and 97.
97
Calculate the greatest common divisor of 10 and 65.
5
Calculate the highest common factor of 198 and 72.
18
Calculate the greatest common divisor of 24 and 24.
24
What is the highest common factor of 97 and 40837?
97
What is the greatest common divisor of 184 and 23?
23
Calculate the highest common divisor of 14 and 308.
14
Calculate the highest common factor of 160 and 110.
10
What is the greatest common factor of 180 and 585?
45
Calculate the highest common factor of 17 and 1513.
17
What is the greatest common factor of 14 and 182?
14
What is the highest common divisor of 18 and 855?
9
What is the highest common factor of 4 and 13?
1
What is the greatest common factor of 24 and 1752?
24
Calculate the greatest common divisor of 92 and 161.
23
Calculate the highest common divisor of 34736 and 208.
208
Calculate the greatest common divisor of 130 and 455.
65
What is the highest common divisor of 175 and 105?
35
Calculate the greatest common divisor of 86 and 10.
2
What is the greatest common factor of 56151 and 9?
9
What is the highest common factor of 110 and 88?
22
What is the highest common factor of 332 and 2075?
83
Calculate the greatest common divisor of 99 and 5859.
9
What is the highest common factor of 216 and 162?
54
Calculate the greatest common factor of 35779 and 148.
37
Calculate the greatest common factor of 194 and 96.
2
Calculate the greatest common divisor of 296 and 1739.
37
What is the greatest common factor of 680 and 40?
40
What is the greatest common factor of 72 and 1656?
72
What is the greatest common factor of 8 and 104?
8
What is the highest common factor of 22 and 473?
11
What is the greatest common factor of 1463 and 77?
77
What is the highest common factor of 100 and 125?
25
What is the greatest common factor of 4 and 52?
4
What is the greatest common factor of 6430 and 10?
10
What is the greatest common divisor of 69 and 6?
3
What is the highest common divisor of 425 and 595?
85
Calculate the highest common factor of 135 and 62235.
135
What is the greatest common divisor of 11407 and 61?
61
What is the greatest common divisor of 85 and 30?
5
Calculate the highest common divisor of 1334 and 46.
46
Calculate the highest common divisor of 143 and 2327.
13
What is the greatest common factor of 925 and 666?
37
Calculate the greatest common factor of 3017 and 7.
7
What is the highest common factor of 4 and 256?
4
What is the highest common factor of 42 and 119?
7
What is the greatest common divisor of 2508 and 2299?
209
What is the highest common divisor of 46 and 414?
46
Calculate the greatest common factor of 405 and 150.
15
What is the highest common divisor of 111 and 12?
3
What is the highest common factor of 770 and 90?
10
Calculate the greatest common factor of 80 and 270.
10
What is the greatest common factor of 340 and 130?
10
Calculate the greatest common divisor of 72 and 63.
9
Calculate the greatest common divisor of 1026 and 72.
18
Calculate the greatest common factor of 700 and 56.
28
Calculate the greatest common factor of 49 and 77.
7
What is the highest common divisor of 11 and 451?
11
Calculate the greatest common factor of 2449 and 31.
31
What is the greatest common divisor of 2850 and 76?
38
Calculate the greatest common factor of 324 and 216.
108
What is the greatest common divisor of 69 and 161?
23
What is the highest common divisor of 90 and 135?
45
Calculate the greatest common divisor of 66 and 88.
22
What is the greatest common divisor of 826 and 84?
14
What is the highest common factor of 208 and 1712?
16
Calculate the greatest common divisor of 380 and 1045.
95
What is the highest common factor of 3828 and 99?
33
What is the greatest common factor of 6958 and 1278?
142
What is the highest common factor of 403 and 26?
13
Calculate the highest common divisor of 238 and 518.
14
Calculate the highest common factor of 48462 and 492.
246
Calculate the highest common divisor of 154 and 70.
14
What is the highest common factor of 679 and 28?
7
Calculate the highest common factor of 1170 and 54.
18
Calculate the highest common factor of 21185 and 95.
95
Calculate the greatest common factor of 2 and 118.
2
What is the greatest common divisor of 5 and 10?
5
What is the highest common divisor of 14 and 686?
14
Calculate the highest common factor of 16 and 612.
4
What is the greatest common factor of 220 and 44?
44
What is the greatest common divisor of 18 and 3114?
18
What is the highest common factor of 1102 and 58?
58
Calculate the greatest common divisor of 85 and 323.
17
Calculate the highest common factor of 162 and 405.
81
What is the highest common factor of 8 and 64?
8
Calculate the greatest common factor of 19564 and 1340.
268
Calculate the highest common divisor of 35 and 91.
7
Calculate the greatest common divisor of 134 and 5963.
67
Calculate the highest common factor of 916 and 32.
4
What is the highest common divisor of 208 and 26?
26
Calculate the greatest common divisor of 2028 and 12.
12
What is the greatest common divisor of 2697 and 372?
93
Calculate the highest common factor of 2412 and 9.
9
What is the highest common divisor of 15 and 195?
15
Calculate the greatest common factor of 252 and 7.
7
Calculate the highest common divisor of 20 and 105.
5
What is the highest common divisor of 84 and 32676?
84
What is the highest common divisor of 85 and 34?
17
What is the greatest common factor of 2278 and 34?
34
What is the greatest common factor of 656 and 287?
41
Calculate the highest common divisor of 2 and 19.
1
What is the greatest common factor of 1421 and 87?
29
What is the greatest common factor of 4645 and 15?
5
Calculate the highest common divisor of 49 and 833.
49
Calculate the greatest common factor of 11 and 407.
11
Calculate the greatest common factor of 508 and 5461.
127
Calculate the highest common divisor of 18 and 60.
6
What is the highest common factor of 1326 and 1054?
34
Calculate the highest common factor of 170 and 119.
17
What is the highest common factor of 43 and 1?
1
What is the highest common divisor of 210 and 20?
10
What is the greatest common factor of 177 and 6?
3
What is the highest common divisor of 17 and 51?
17
Calculate the highest common factor of 20 and 305.
5
Calculate the greatest common factor of 144 and 80.
16
What is the highest common divisor of 38268 and 72?
36
Calculate the greatest common factor of 1981 and 7.
7
Calculate the highest common divisor of 14000 and 20.
20
What is the greatest common divisor of 598 and 26?
26
What is the greatest common factor of 76 and 6308?
76
Calculate the highest common factor of 2295 and 1445.
85
What is the greatest common factor of 1909 and 83?
83
What is the highest common factor of 5246 and 43?
43
What is the greatest common factor of 1218 and 105?
21
What is the greatest common divisor of 10 and 2390?
10
What is the greatest common divisor of 42 and 357?
21
What is the greatest common divisor of 6 and 294?
6
Calculate the greatest common divisor of 806 and 520.
26
Calculate the greatest common factor of 1673 and 161.
7
Calculate the greatest common divisor of 11445 and 63.
21
What is the highest common divisor of 690 and 42?
6
Calculate the greatest common factor of 19 and 893.
19
What is the highest common divisor of 3393 and 26?
13
Calculate the greatest common factor of 9 and 3.
3
Calculate the highest common factor of 63 and 903.
21
What is the highest common factor of 135 and 645?
15
What is the highest common divisor of 18 and 27549?
9
Calculate the highest common divisor of 598 and 26.
26
Calculate the greatest common divisor of 3 and 6.
3
What is the highest common divisor of 192 and 512?
64
Calculate the greatest common divisor of 30 and 255.
15
Calculate the greatest common divisor of 57 and 6365.
19
What is the greatest common divisor of 20 and 55?
5
What is the highest common divisor of 18 and 342?
18
What is the greatest common divisor of 658 and 94?
94
Calculate the gr